{"id":1407,"date":"2018-07-24T15:55:19","date_gmt":"2018-07-24T13:55:19","guid":{"rendered":"http:\/\/www.jctardivo.com\/galerie\/?page_id=1407"},"modified":"2020-05-05T19:18:08","modified_gmt":"2020-05-05T17:18:08","slug":"en-quelques-mots","status":"publish","type":"page","link":"http:\/\/www.jctardivo.com\/galerie\/en-quelques-mots\/","title":{"rendered":"\u2026 en quelques mots\u2026"},"content":{"rendered":"<p style=\"padding-left: 60px;\"><a href=\"http:\/\/www.jctardivo.com\/galerie\/?page_id=1403\">Jacques CASTEL<\/a><br \/>\n<a href=\"http:\/\/www.jctardivo.com\/galerie\/?page_id=1405\">Anne CAUQUELIN<\/a><br \/>\n<a href=\"http:\/\/www.jctardivo.com\/galerie\/?page_id=1418\">Michel FAUCHER<\/a><br \/>\n<a href=\"http:\/\/www.jctardivo.com\/galerie\/?page_id=1424\">Dominique FLEUR<\/a><br \/>\n<a href=\"http:\/\/www.jctardivo.com\/galerie\/?page_id=1426\">B\u00e9atrice FORET<\/a><br \/>\n<a href=\"http:\/\/www.jctardivo.com\/galerie\/?page_id=1428\">Martine GASNIER<\/a><br \/>\n<a href=\"http:\/\/www.jctardivo.com\/galerie\/?page_id=1430\">Jean-Fran\u00e7ois JULIEN<\/a><br \/>\n<a href=\"http:\/\/www.jctardivo.com\/galerie\/?page_id=1432\">Isabelle LACROUTS<\/a><br \/>\n<a href=\"http:\/\/www.jctardivo.com\/galerie\/?page_id=1434\">Fabienne LE BELLER<\/a><br \/>\n<a href=\"http:\/\/www.jctardivo.com\/galerie\/?page_id=1436\">Alix LEMARCHAND<\/a><br \/>\n<a href=\"http:\/\/www.jctardivo.com\/galerie\/?page_id=1400\">Fran\u00e7oise MARVIER<\/a><br \/>\n<a href=\"http:\/\/www.jctardivo.com\/galerie\/?page_id=1438\">Marie-Lou PERDRIGEAT<\/a><br \/>\n<a href=\"http:\/\/www.jctardivo.com\/galerie\/?page_id=1443\">Elisabeth POULAIN<\/a><br \/>\n<a href=\"http:\/\/www.jctardivo.com\/galerie\/?page_id=1441\">Jeanine RIVAIS<\/a><br \/>\n<a href=\"http:\/\/www.jctardivo.com\/galerie\/gerard-valat\/\">G\u00e9rard VALAT<\/a><\/p>\n","protected":false},"excerpt":{"rendered":"<p>Jacques CASTEL Anne CAUQUELIN Michel FAUCHER Dominique FLEUR B\u00e9atrice FORET Martine GASNIER Jean-Fran\u00e7ois JULIEN Isabelle LACROUTS Fabienne LE BELLER Alix LEMARCHAND Fran\u00e7oise MARVIER Marie-Lou PERDRIGEAT Elisabeth POULAIN Jeanine RIVAIS G\u00e9rard VALAT<\/p>\n","protected":false},"author":1,"featured_media":0,"parent":0,"menu_order":0,"comment_status":"closed","ping_status":"closed","template":"","meta":{"_monsterinsights_skip_tracking":false,"_monsterinsights_sitenote_active":false,"_monsterinsights_sitenote_note":"","_monsterinsights_sitenote_category":0,"footnotes":""},"class_list":["post-1407","page","type-page","status-publish","hentry"],"_links":{"self":[{"href":"http:\/\/www.jctardivo.com\/galerie\/wp-json\/wp\/v2\/pages\/1407","targetHints":{"allow":["GET"]}}],"collection":[{"href":"http:\/\/www.jctardivo.com\/galerie\/wp-json\/wp\/v2\/pages"}],"about":[{"href":"http:\/\/www.jctardivo.com\/galerie\/wp-json\/wp\/v2\/types\/page"}],"author":[{"embeddable":true,"href":"http:\/\/www.jctardivo.com\/galerie\/wp-json\/wp\/v2\/users\/1"}],"replies":[{"embeddable":true,"href":"http:\/\/www.jctardivo.com\/galerie\/wp-json\/wp\/v2\/comments?post=1407"}],"version-history":[{"count":4,"href":"http:\/\/www.jctardivo.com\/galerie\/wp-json\/wp\/v2\/pages\/1407\/revisions"}],"predecessor-version":[{"id":2350,"href":"http:\/\/www.jctardivo.com\/galerie\/wp-json\/wp\/v2\/pages\/1407\/revisions\/2350"}],"wp:attachment":[{"href":"http:\/\/www.jctardivo.com\/galerie\/wp-json\/wp\/v2\/media?parent=1407"}],"curies":[{"name":"wp","href":"https:\/\/api.w.org\/{rel}","templated":true}]}}

<p style="padding-left: 60px;"><a href="http://www.jctardivo.com/galerie/?page_id=1403">Jacques CASTEL</a><br />
<a href="http://www.jctardivo.com/galerie/?page_id=1405">Anne CAUQUELIN</a><br />
<a href="http://www.jctardivo.com/galerie/?page_id=1418">Michel FAUCHER</a><br />
<a href="http://www.jctardivo.com/galerie/?page_id=1424">Dominique FLEUR</a><br />
<a href="http://www.jctardivo.com/galerie/?page_id=1426">Béatrice FORET</a><br />
<a href="http://www.jctardivo.com/galerie/?page_id=1428">Martine GASNIER</a><br />
<a href="http://www.jctardivo.com/galerie/?page_id=1430">Jean-François JULIEN</a><br />
<a href="http://www.jctardivo.com/galerie/?page_id=1432">Isabelle LACROUTS</a><br />
<a href="http://www.jctardivo.com/galerie/?page_id=1434">Fabienne LE BELLER</a><br />
<a href="http://www.jctardivo.com/galerie/?page_id=1436">Alix LEMARCHAND</a><br />
<a href="http://www.jctardivo.com/galerie/?page_id=1400">Françoise MARVIER</a><br />
<a href="http://www.jctardivo.com/galerie/?page_id=1438">Marie-Lou PERDRIGEAT</a><br />
<a href="http://www.jctardivo.com/galerie/?page_id=1443">Elisabeth POULAIN</a><br />
<a href="http://www.jctardivo.com/galerie/?page_id=1441">Jeanine RIVAIS</a><br />
<a href="http://www.jctardivo.com/galerie/gerard-valat/">Gérard VALAT</a></p>

<p>Jacques CASTEL Anne CAUQUELIN Michel FAUCHER Dominique FLEUR Béatrice FORET Martine GASNIER Jean-François JULIEN Isabelle LACROUTS Fabienne LE BELLER Alix LEMARCHAND Françoise MARVIER Marie-Lou PERDRIGEAT Elisabeth POULAIN Jeanine RIVAIS Gérard VALAT</p>
